5.
33
What is the remainder when 717 is divided by 45?
42
Calculate the remainder when 18 is divided by 5.
3
What is the remainder when 16 is divided by 10?
6
What is the remainder when 107 is divided by 34?
5
Calculate the remainder when 48 is divided by 35.
13
What is the remainder when 115 is divided by 34?
13
Calculate the remainder when 144 is divided by 46.
6
What is the remainder when 8184 is divided by 45?
39
What is the remainder when 781 is divided by 96?
13
What is the remainder when 339 is divided by 34?
33
Calculate the remainder when 82 is divided by 48.
34
Calculate the remainder when 204 is divided by 87.
30
Calculate the remainder when 274 is divided by 86.
16
Calculate the remainder when 83 is divided by 27.
2
Calculate the remainder when 194 is divided by 18.
14
What is the remainder when 1626 is divided by 34?
28
Calculate the remainder when 421 is divided by 78.
31
Calculate the remainder when 629 is divided by 123.
14
What is the remainder when 101 is divided by 28?
17
Calculate the remainder when 317 is divided by 19.
13
What is the remainder when 63 is divided by 39?
24
Calculate the remainder when 307 is divided by 79.
70
Calculate the remainder when 1088 is divided by 541.
6
Calculate the remainder when 62 is divided by 37.
25
What is the remainder when 542 is divided by 133?
10
Calculate the remainder when 104 is divided by 51.
2
What is the remainder when 112 is divided by 21?
7
Calculate the remainder when 1313 is divided by 7.
4
Calculate the remainder when 712 is divided by 7.
5
Calculate the remainder when 452 is divided by 57.
53
What is the remainder when 545 is divided by 24?
17
Calculate the remainder when 2901 is divided by 967.
0
Calculate the remainder when 258 is divided by 28.
6
Calculate the remainder when 802 is divided by 52.
22
Calculate the remainder when 202 is divided by 29.
28
What is the remainder when 306 is divided by 20?
6
Calculate the remainder when 774 is divided by 137.
89
What is the remainder when 168 is divided by 85?
83
Calculate the remainder when 441 is divided by 87.
6
Calculate the remainder when 1535 is divided by 17.
5
Calculate the remainder when 1544 is divided by 129.
125
What is the remainder when 255 is divided by 242?
13
Calculate the remainder when 1498 is divided by 27.
13
Calculate the remainder when 1452 is divided by 52.
48
What is the remainder when 895 is divided by 39?
37
What is the remainder when 1986 is divided by 117?
114
Calculate the remainder when 1481 is divided by 124.
117
What is the remainder when 1206 is divided by 339?
189
Calculate the remainder when 279 is divided by 70.
69
What is the remainder when 234 is divided by 47?
46
Calculate the remainder when 517 is divided by 86.
1
Calculate the remainder when 257 is divided by 43.
42
Calculate the remainder when 1441 is divided by 59.
25
Calculate the remainder when 14 is divided by 8.
6
What is the remainder when 144 is divided by 50?
44
What is the remainder when 376 is divided by 76?
72
What is the remainder when 363 is divided by 46?
41
What is the remainder when 11973 is divided by 226?
221
What is the remainder when 1951 is divided by 88?
15
What is the remainder when 349 is divided by 229?
120
Calculate the remainder when 130 is divided by 23.
15
What is the remainder when 1576 is divided by 79?
75
Calculate the remainder when 438 is divided by 74.
68
What is the remainder when 1221 is divided by 135?
6
Calculate the remainder when 3359 is divided by 240.
239
Calculate the remainder when 2110 is divided by 88.
86
What is the remainder when 443 is divided by 108?
11
Calculate the remainder when 1238 is divided by 55.
28
What is the remainder when 983 is divided by 41?
40
What is the remainder when 254 is divided by 33?
23
What is the remainder when 1973 is divided by 93?
20
Calculate the remainder when 192 is divided by 11.
5
What is the remainder when 239 is divided by 12?
11
What is the remainder when 100 is divided by 21?
16
What is the remainder when 212 is divided by 7?
2
Calculate the remainder when 111 is divided by 57.
54
Calculate the remainder when 387 is divided by 14.
9
What is the remainder when 387 is divided by 131?
125
Calculate the remainder when 2172 is divided by 75.
72
Calculate the remainder when 834 is divided by 9.
6
What is the remainder when 390 is divided by 132?
126
Calculate the remainder when 111 is divided by 18.
3
What is the remainder when 20162 is divided by 47?
46
What is the remainder when 491 is divided by 151?
38
What is the remainder when 148 is divided by 36?
4
Calculate the remainder when 629 is divided by 629.
0
What is the remainder when 160 is divided by 41?
37
Calculate the remainder when 116 is divided by 45.
26
What is the remainder when 609 is divided by 280?
49
Calculate the remainder when 373 is divided by 155.
63
Calculate the remainder when 12 is divided by 8.
4
What is the remainder when 23 is divided by 8?
7
Calculate the remainder when 331 is divided by 111.
109
Calculate the remainder when 185 is divided by 27.
23
Calculate the remainder when 613 is divided by 41.
39
Calculate the remainder when 207 is divided by 34.
3
What is the remainder when 2691 is divided by 108?
99
Calculate the remainder when 59 is divided by 16.
11
Calculate the remainder when 328 is divided by 111.
106
What is the remainder when 2599 is divided by 13?
12
Calculate the remainder when 51 is divided by 22.
7
What is the remainder when 416 is divided by 22?
20
What is the remainder when 605 is divided by 32?
29
Calculate the remainder when 517 is divided by 4.
1
Calculate the remainder when 38 is divided by 18.
2
Calculate the remainder when 358 is divided by 153.
52
What is the remainder when 249 is divided by 14?
11
Calculate the remainder when 362 is divided by 94.
80
What is the remainder when 1427 is divided by 13?
10
Calculate the remainder when 862 is divided by 9.
7
Calculate the remainder when 2341 is divided by 497.
353
Calculate the remainder when 231 is divided by 26.
23
What is the remainder when 2416 is divided by 137?
87
Calculate the remainder when 53 is divided by 6.
5
What is the remainder when 533 is divided by 482?
51
What is the remainder when 156 is divided by 74?
8
What is the remainder when 688 is divided by 53?
52
Calculate the remainder when 444 is divided by 74.
0
What is the remainder when 28 is divided by 5?
3
Calculate the remainder when 3501 is divided by 17.
16
Calculate the remainder when 448 is divided by 72.
16
Calculate the remainder when 225 is divided by 23.
18
What is the remainder when 248 is divided by 21?
17
What is the remainder when 283 is divided by 22?
19
Calculate the remainder when 68 is divided by 27.
14
What is the remainder when 313 is divided by 76?
9
Calculate the remainder when 893 is divided by 8.
5
Calculate the remainder when 2169 is divided by 14.
13
What is the remainder when 273 is divided by 73?
54
What is the remainder when 640 is divided by 203?
31
What is the remainder when 12 is divided by 10?
2
Calculate the remainder when 557 is divided by 8.
5
Calculate the remainder when 187 is divided by 7.
5
What is the remainder when 923 is divided by 83?
10
Calculate the remainder when 867 is divided by 467.
400
Calculate the remainder when 439 is divided by 18.
7
What is the remainder when 1833 is divided by 54?
51
What is the remainder when 53 is divided by 13?
1
What is the remainder when 1239 is divided by 155?
154
What is the remainder when 142 is divided by 35?
2
What is the remainder when 926 is divided by 9?
8
What is the remainder when 401 is divided by 83?
69
Calculate the remainder when 659 is divided by 130.
9
What is the remainder when 511 is divided by 68?
35
Calculate the remainder when 3597 is divided by 6.
3
Calculate the remainder when 393 is divided by 80.
73
Calculate the remainder when 350 is divided by 120.
110
What is the remainder when 3209 is divided by 21?
17
Calculate the remainder when 148 is divided by 82.
66
Calculate the remainder when 28 is divided by 11.
6
Calculate the remainder when 207 is divided by 16.
15
What is the remainder when 614 is divided by 15?
14
Calculate the remainder when 82 is divided by 12.
10
What is the remainder when 20 is divided by 1?
0
What is the remain